ommon factor of 3374 and s.
14
Let n = -101751 - -102031. Suppose 0 = -3*j + 4*s + 372, -2*s + 229 = 5*j - 365. Calculate the greatest common divisor of n and j.
40
Let y(w) = 28*w + 2156. Let c be y(-45). What is the highest common divisor of 80 and c?
16
Suppose -5*n = -3*c, 2*n = 5*c - n. Suppose c = 5*d + 26 - 16. Let v = 90 + d. Calculate the highest common divisor of v and 8.
8
Let d be 1378/8 - 17/68. Let z = 289 - d. Calculate the highest common factor of 13 and z.
13
Let z be 1/(-4 + 2)*-20. Let d be (18/(-4))/(-2 + 188/96). Suppose d = 7*j + z. Calculate the highest common divisor of 14 and j.
14
Suppose 0*c = c - 89. Let z = c + -90. Let r = z + 53. What is the highest common divisor of 13 and r?
13
Let a = 100 + -96. Suppose 0*b - b - n + 10 = 0, -4 = -a*n. Calculate the highest common factor of b and 18.
9
Let u = -621 - -624. Suppose u*r = -4*l + 9, -2*r = -l - 5*r. What is the highest common factor of l and 5?
1
Suppose -141*t - 125*t - 190 = -285*t. Suppose 0 = m + m - 28. Calculate the greatest common factor of t and m.
2
Let x be ((-48)/(-15) + 1)/((-2)/(-970)) - 3. What is the highest common factor of x and 72?
18
Let t(z) = z + 20. Let l be t(0). Suppose 12*h + 30*h = -147*h + 1512. Calculate the highest common factor of h and l.
4
Let a be 18*(-59)/118*(-19 - -1). What is the greatest common divisor of 2322 and a?
54
Let h = -20 - -22. Suppose -h*g + 3 = l, -g + 5*l = 9 - 27. Let v be 405/10*10/g. Calculate the highest common divisor of 15 and v.
15
Let n be 208908/1764 - 4/(-7). Calculate the greatest common divisor of n and 68.
17
Suppose -z + 6*z - 7 = -k, 3*z + 27 = 2*k. Let a be 162*(14/63)/(4/k). What is the highest common divisor of a and 16?
4
Let h(f) = 9*f**3 + 2*f**2 - 2*f - 26. Let y be h(5). Calculate the greatest common divisor of 34 and y.
17
Let y be ((-3)/(-2))/((-606)/(-64640)). What is the highest common divisor of y and 3808?
32
Suppose -53*t = 55*t - 25*t - 83. Calculate the highest common factor of t and 40.
1
Let q(r) = -24 - 22 + 24*r - 31*r - 11. Let s be q(-16). What is the greatest common divisor of s and 22?
11
Let l(j) = 126*j**2 + 110*j + 92. Let s be l(-3). Calculate the greatest common factor of s and 1568.
224
Let x = 9335 + -4169. Calculate the highest common divisor of 492 and x.
246
Let a be 1114787/304 - 2/32. What is the greatest common factor of 772 and a?
193
Let b(q) = 14*q + 44. Let s be b(-3). Suppose -10 = s*l, -2*f - 4*l + 73 = -83. What is the highest common divisor of 176 and f?
88
Suppose 2*d = -4*c + 460, -2*c - 2*d + 2145 = 1917. Calculate the greatest common divisor of 8642 and c.
58
Suppose 0 = 5*m - 5*s + 2465, 3*m + 1471 = -0*m + 5*s. Let q = m + 553. Calculate the highest common factor of q and 42.
14
Let w be 24/(-4)*(-8)/12. Suppose -w*a = 2*p + 6 + 12, 5*a - 4*p = 10. Let m be (5*-6)/a + 3. Calculate the highest common factor of 18 and m.
18
Suppose -110*z = -22864 + 4274. Calculate the highest common factor of z and 1716.
13
Let y be (47/((-423)/1026))/(-2). What is the greatest common factor of y and 9?
3
Suppose -4*y + 23*y - 5018 = 1442. What is the highest common divisor of y and 30?
10
Let y(o) = 4*o**2 - 2*o - 1. Let m be y(-2). Let n = 43 - m. Suppose -4*b - 11497 + 12041 = 2*r, -124 = -b + r. Calculate the greatest common factor of n and b.
12
Suppose 8*o = -2*o + 80. Suppose -3*g + y = g - o, -3*g + 7 = -y. Suppose -7 = -4*i - 3. What is the highest common factor of i and g?
1
Let j be (-1)/(2/(4*-1)). Suppose -20*l + 18 - 98 = 0. Let i(u) = u**2 - 5*u - 31. Let r be i(l). Calculate the greatest common divisor of j and r.
1
Suppose -2*z + 91 = 5*z. Suppose -z = w - 8. Let j be 3 - (-15)/w - (-25 - 0). What is the greatest common divisor of 75 and j?
25
Let m(p) = p**3 - 3*p**2 - 27*p - 27. Let v be m(15). Let r be v/540 + (-1)/5. Calculate the highest common divisor of r and 196.
4
Let r(d) be the second derivative of d**3/3 - 12*d**2 + 16*d. Let z be r(14). Let k be 16*(5 - (1 - z)). What is the highest common factor of 16 and k?
16
Let a(s) = 1 + 10*s + 6*s**2 - 6 + 2*s**2 + 9. Let d be a(-2). What is the greatest common divisor of d and 208?
16
Let z(d) = d**3 + 29*d**2 + 6*d - 48. Let f be z(-8). Calculate the greatest common divisor of 288 and f.
96
Let p be 2823 + (-5)/((-15)/6). Calculate the greatest common factor of p and 25.
25
Let k be (625/(-150))/1*-12. What is the highest common divisor of 230 and k?
10
Let d = 882 + -282. Calculate the highest common divisor of d and 48.
24
Suppose -38*s - 2782 = -2330 - 7444. Calculate the highest common divisor of s and 5612.
92
Suppose 313 = 2*y - 5*f, -44*f = -49*f - 5. Calculate the greatest common factor of y and 1309.
77
Let t(v) = -5*v**2 - 130*v + 26. Let i be t(-26). Calculate the highest common divisor of i and 27586.
26
Suppose 14*i - 11*i - 2839 = -2*y, -2*y - 2831 = -3*i. What is the highest common factor of i and 1035?
45
Suppose 244 + 268 = 4*u. Suppose -21*i = 3*r - 17*i - 182, 4*i - u = -2*r. Calculate the greatest common factor of 432 and r.
54
Suppose -4*k - 46*a + 50*a + 748 = 0, 4*k - 788 = -4*a. What is the highest common divisor of k and 1884?
12
Suppose -x + 17 = -o - 6, 75 = 3*x - 4*o. What is the greatest common divisor of x and 493?
17
Suppose -168*b + 67065 = 60638 - 149309. What is the highest common divisor of b and 1442?
103
Let m = -3391 - -5001. What is the highest common factor of 30 and m?
10
Suppose -4*d = -164 - 28. Suppose -5*k = 4*l - 3, 2*k - l = 4*k - 3. Calculate the greatest common divisor of d and k.
3
Suppose 43257 = 144*z - 650823. Calculate the highest common factor of z and 40.
20
Suppose -5*o = -0*o - 3740. Suppose 4*b - 1492 = -5*j, -2*j = -2*b + 4*b - o. Suppose -3*v - 33 = -b. Calculate the greatest common factor of v and 46.
23
Let g = 181 - 176. Suppose g*f + 5*p = 0, 4*f - 3*p - 6 - 29 = 0. What is the greatest common divisor of 145 and f?
5
Suppose 2*s + 3*u = -26, 7*s - 23 = 8*s - u. Let c = s - -87. Calculate the greatest common factor of 119 and c.
17
Suppose 1062 = 4*a + 3*k + 2*k, 0 = -4*k + 8. Let j = a - 195. Calculate the greatest common factor of 17 and j.
17
Let x(n) = n**2 - 30*n + 584. Let b be x(106). Calculate the greatest common divisor of b and 12.
12
Suppose 0 = -5*k - 3*b + 63, 3 - 8 = -5*b. Suppose -229*h = -738*h + 59 + 16229. What is the highest common divisor of k and h?
4
Suppose 0 = 2*m - 10 - 18. Let b(u) = u**2 - 809*u + 23002. Let c be b(28). What is the greatest common divisor of m and c?
14
Suppose 3*p + s = 15, -3*p + 5*s = 26 - 59. Suppose 114 = -p*l + 330. Calculate the highest common factor of l and 18.
18
Let n = 755 - 752. What is the greatest common factor of 11 and n?
1
Let j(i) = 7*i**2 - 50*i - 46. Let t be j(-23). Suppose 8*v + t = 27*v. Let a(g) = 5*g - 7. Let n be a(6). What is the greatest common divisor of v and n?
23
Suppose -24*o = -23*o - 4*s - 90, 4*o - 295 = 3*s. Calculate the highest common factor of o and 25.
5
Suppose 1432 = 3*t + x, 5*t - 31*x - 2389 = -33*x. What is the highest common factor of 760 and t?
95
Suppose -3569 + 1073 = -6*s. Calculate the highest common factor of s and 117.
13
Suppose -5*q + 6*q + 1 = 0. Let o(m) = -19*m + 4. Let u be o(q). Let y(c) = 33*c - 7. Let a be y(3). Calculate the highest common divisor of u and a.
23
Let l(g) = g**3 + 4*g**2 - 2*g. Let s be l(-4). Let c(b) = -3*b**2 + 128*b - 732. Let t be c(34). What is the greatest common factor of t and s?
8
Let s(v) = 2*v**3 - 5*v**2 + 6*v - 3. Let a be s(4). Suppose 680*b = -368*b + 96416. Calculate the greatest common divisor of a and b.
23
Let r(f) = 127*f - 646. Let a be r(16). Calculate the highest common factor of a and 12.
6
Suppose -44 = -3*t - 3*d + 4*d, -5*t = -5*d - 80. Let a = t + -7. Suppose 2*x - 17 = a. Calculate the greatest common divisor of 24 and x.
12
Let r(y) = y**2 + 5*y + 2. Let q be r(-5). Suppose -14*g = -13*g - 45. Let u = g - 27. Calculate the greatest common divisor of u and q.
2
Let q(m) = 32*m + 10. Let u be q(-2). Let y be -1 + 10/4 - 1431/u. Let n be 208/y + 15/(-35). What is the highest common divisor of n and 63?
7
Suppose -202*j - 415 = -201*j. Let d = -63 - j. What is the highest common factor of 32 and d?
32
Suppose 116*p + 532 = 120*p. Let b(u) = 3*u - 22. Let z be b(9). Suppose j 